se -6*i = -2*i - 184. Suppose 64 = t - i. Calculate the highest common divisor of 10 and t.
10
Suppose 0 = -3*q - 3*h + 45, -5*q + 4*h + 81 = 3*h. What is the highest common factor of 16 and q?
16
Let j(c) = -7*c - 3. Let d be j(-6). Let x = -15 + d. Calculate the highest common factor of 12 and x.
12
Let k = -32 + 56. What is the greatest common factor of 60 and k?
12
Let f(r) = r**3 + 6*r**2 - r + 2. Let q be f(-6). Let j = 11 + -7. Let p = q + j. Calculate the highest common divisor of 48 and p.
12
Suppose 2 = x - 10. What is the highest common divisor of 60 and x?
12
Let d = 7 + -3. Let o be (-76)/8 - 2/d. Let j = o + 31. Calculate the greatest common factor of j and 14.
7
Let v(t) = 9*t + 9. Let i be v(9). Suppose -26 = m - i. What is the greatest common divisor of 160 and m?
32
Let s be 2 - 1 - (-2 + -18). Suppose -s = 4*b - 65. Calculate the highest common divisor of b and 11.
11
Let m(d) = -10*d**3 - d**2 + d - 1. Let o be m(1). Let p = o + 12. Calculate the greatest common divisor of 5 and p.
1
Suppose -4 - 2 = -3*x. Let t be 96/7 - x/(-7). Suppose 2*z - c - 68 = -5*c, -2*c = 4*z - 118. Calculate the greatest common divisor of t and z.
14
Let t = 289 - 170. Let i = 24 - 7. What is the highest common divisor of t and i?
17
Let j(f) = 5*f. Let s(h) = h + 7. Let m be s(-6). Let o be j(m). Let b be ((-40)/(-12))/(5/15). Calculate the highest common factor of b and o.
5
Let k = -15 + 24. Calculate the highest common factor of 99 and k.
9
Let a(l) = l**3 + l**2 - 3*l - 6. Let b be a(3). What is the highest common divisor of 189 and b?
21
Suppose 4*h = 4*b + 72, 4 = 2*b + 8. Suppose -2*l - 8 = 0, -21 = -2*k - 4*l - 5. Calculate the greatest common divisor of h and k.
16
Suppose -5*q = -3*q - 114. Let u be ((-5 - -7)*19/(-1))/(-1). Calculate the greatest common divisor of q and u.
19
Let x = 16 - 8. Calculate the highest common factor of 4 and x.
4
Let k be (-7)/(8/(-68)*4/8). What is the greatest common factor of k and 34?
17
Let t = -57 + 82. Calculate the greatest common factor of 5 and t.
5
Let p be 90/(-10)*(-2)/(-3). Let y(u) = -5*u - 10. Let m be y(p). Calculate the greatest common factor of m and 10.
10
Let u = 5 + 6. Suppose -2*o + u = -o. Calculate the highest common divisor of o and 22.
11
Let i = 489 + -291. What is the highest common divisor of i and 18?
18
Suppose 3*u + 2*k = 17, 3*k = u + 2*k + 1. Let s(a) = -a**2 + 13*a - 6. Let c be s(12). Calculate the greatest common factor of u and c.
3
Suppose -2*z + n + 55 = 0, -2*n = 4*z - 148 + 42. What is the greatest common factor of 45 and z?
9
Let b = -79 - -100. What is the highest common divisor of b and 357?
21
Suppose 5*p - 19 = 16. Calculate the greatest common factor of 7 and p.
7
Let j(x) = -6*x + 14. Let f be j(-11). Suppose r + 4*h - 41 = -4*r, 4*h - 14 = -2*r. Suppose -c + r = -1. What is the greatest common divisor of c and f?
10
Let s = 4 + -4. Suppose -4*v - 30 - 10 = s. Let o be (-94)/(-10) + 4/v. Calculate the highest common divisor of 90 and o.
9
Let m(y) = 3*y**2 + 4*y. Let u be m(-4). Let c = 13 - 14. Let r(j) = 15*j**2 - j. Let l be r(c). Calculate the highest common factor of u and l.
16
Suppose 7*p - 40 = 2*p. Suppose 0 = -g - o, -4*g + 5*g = o + p. Suppose 36 = 3*i - g*u, 2*i - 2*u = 10 + 14. What is the highest common divisor of 108 and i?
12
Let a(f) = -f**3 + 10*f**2 + 5. Let s be a(10). What is the highest common divisor of s and 40?
5
Suppose 4*q = -5 - 7. Let a be (-7 - (-6 + 3))*q. Calculate the highest common divisor of 6 and a.
6
Let j be (-4)/10 + (-54)/(-10). Suppose 3*z + 75 = j*y, 2*z - 4 = 4*y - 62. What is the greatest common divisor of y and 84?
12
Let c be 8/(-4)*(-5)/2. Suppose 0 = -c*t - 4*i + 420, -4*t + 3*i = -i - 372. Calculate the greatest common factor of t and 8.
8
Let w(f) = 3*f**2 - 2*f. Let y be w(-2). Suppose 0 = -5*n - 3*a + 141 - 9, 5*a = 20. Calculate the highest common factor of y and n.
8
Let f = 35 - 17. Suppose f = 3*a + 96. Let z = a - -40. What is the greatest common divisor of z and 14?
14
Let l = 112 + 77. Calculate the greatest common factor of l and 27.
27
Let p(k) = -k**3 - 10*k**2 - 9*k. Let g be p(-9). Suppose 3*d + 3*w - 60 = g, 4*w = 3*d - 16 - 16. Calculate the highest common factor of d and 112.
16
Let s(z) = -z**2 + 4*z + 16. Let i be s(4). What is the highest common factor of 4 and i?
4
Let a(y) = -y**3 - 3*y**2 + 3*y + 5. Let f be a(-4). Let v = -14 + 20. Suppose 0 = -v*b + 2*b + 324. What is the greatest common factor of f and b?
9
Let o = -4 + -30. Let l = -21 - o. Calculate the highest common factor of l and 65.
13
Let r be (-3 - -4)*-35*-3. Let y be (6/9)/(10/r). Calculate the highest common divisor of 14 and y.
7
Suppose -3*g = 5*h - 3*h - 7, 5*h + 30 = 2*g. Calculate the greatest common factor of 55 and g.
5
Suppose 2*f - 26 + 2 = 0. What is the highest common divisor of 8 and f?
4
Let y be 46/3 - 2/(-3). Let f = y - 9. Calculate the highest common divisor of f and 7.
7
Let l(z) = z**3 - 17*z**2 + z - 5. Let g be l(17). Calculate the greatest common factor of 108 and g.
12
Suppose -59 = -3*q + 4*d, 5*q - 3*q = 5*d + 51. Calculate the greatest common divisor of q and 221.
13
Suppose -3*z - 2*v + 336 = 0, z - 3*v = 89 + 12. What is the highest common factor of z and 10?
10
Let z(m) = 11*m - 3. Let x be z(2). Let u(j) = j**3 - 6*j**2 - 1. Let o be u(6). Let l be (228/16)/(o/(-4)). Calculate the greatest common factor of l and x.
19
Suppose 2*i - 4 = -0*i. Suppose -3*g + 87 = -0*n + i*n, 185 = 4*n - 5*g. Calculate the highest common factor of 18 and n.
9
Let h(p) = p**2 + 7*p + 9. Let t be h(-6). Suppose 12*n - 24*n + 396 = 0. Calculate the greatest common divisor of n and t.
3
Let m(c) = c**3 - 12*c**2 - 12*c + 3. Let b be m(13). Calculate the greatest common factor of 80 and b.
16
Suppose -b - 2*y + 20 = -y, 0 = b + 3*y - 12. What is the greatest common factor of b and 96?
24
Let i(q) = q**2 + 31*q - 297. Let h be i(-39). Let y = -14 + 134. What is the greatest common divisor of y and h?
15
Suppose -3*p + 5 = -34. What is the greatest common factor of 104 and p?
13
Suppose -16 - 19 = -5*t. What is the highest common divisor of 7 and t?
7
Suppose -y = 5*u + 4, -3*y + 5*y = 4*u + 20. Let g(q) = -31*q - 1. Let h be g(-1). What is the highest common divisor of h and y?
6
Suppose -a - 12 = -4*a. Let c = a - 1. Suppose 7*m + 5*x = 4*m + 104, -4*x = -5*m + 161. Calculate the greatest common divisor of m and c.
3
Let v = -1 - -5. Suppose 0*n = 4*n - 2*h - 388, -5*h = v*n - 374. Suppose 0 = 5*g - 24 - n. What is the highest common divisor of 8 and g?
8
Suppose 0 = d - 16 + 1. What is the highest common factor of d and 165?
15
Let f(t) = t + 3. Let m be f(-5). Let g be 62/6 - m/(-6). What is the greatest common divisor of 25 and g?
5
Let o = 5 + 0. Suppose -9*g + 176 = -o*g. What is the highest common factor of g and 22?
22
Let i = -18 - -46. Let v(u) = 3*u + 4. Let l be v(-12). Let k be l/(-20)*20/8. Calculate the greatest common divisor of k and i.
4
Suppose 0 = 2*i - 3*g - 83, 2*i + 2*i - 3*g - 151 = 0. What is the highest common factor of i and 68?
34
Let o(u) = -3*u**3 - 4*u**2 + 3. Let m be o(-3). Let a = 3 - 1. Suppose 16 + 11 = a*p + 3*v, 0 = -2*v + 10. Calculate the greatest common factor of p and m.
6
Let d be ((-136)/(-5 - -1))/2. Suppose d = 5*c - 33. Calculate the highest common factor of 4 and c.
2
Let g(n) = -3*n - 4 - 4 - 1 + 8. Let b be g(-5). What is the highest common divisor of 126 and b?
14
Suppose 0 = 5*f + 16 - 51. Suppose 3*g + 5*m + 30 = f*g, -10 = 5*m. Suppose 3*i - 2*i - 40 = 0. What is the highest common divisor of g and i?
5
Let t be (14 + -1)/(1/1). Let i(x) = -x**3 + 91. Let n be i(0). What is the highest common factor of t and n?
13
Let l = -1 - -6. What is the highest common divisor of 15 and l?
5
Suppose 0 = -5*t + 5*k - 10, -5*k + k - 12 = t. Let w = 14 - t. Suppose 4*a + 6 = f, 2*f - a = 4*f - 39. Calculate the highest common divisor of f and w.
18
Let d = 3 + -2. Let b = 2 + d. Let x(v) = -v**2 + 5*v - 3. Let i be x(4). What is the greatest common divisor of i and b?
1
Suppose 16 = 4*s + 12. Suppose 3*y = -3 + 15. Suppose 0 = 2*v - y*v + 2. Calculate the greatest common factor of v and s.
1
Let y be 15 - (-1 - (1 - 3)). Let c(b) = -b**2 - 31*b - 23. Let u be c(-29). Calcula